ds digit of 819181?
1
What is the units digit of 341645?
5
What is the ten thousands digit of 7989610?
8
What is the millions digit of 7210892?
7
What is the units digit of 185353?
3
What is the ten thousands digit of 33427?
3
What is the tens digit of 156280?
8
What is the hundreds digit of 2786367?
3
What is the hundred thousands digit of 1581882?
5
What is the ten thousands digit of 1863280?
6
What is the thousands digit of 2372921?
2
What is the ten thousands digit of 346883?
4
What is the tens digit of 196085?
8
What is the tens digit of 2197749?
4
What is the ten thousands digit of 762019?
6
What is the hundreds digit of 1342971?
9
What is the hundreds digit of 1378811?
8
What is the units digit of 250071?
1
What is the units digit of 51809?
9
What is the hundred thousands digit of 12989605?
9
What is the tens digit of 8126666?
6
What is the millions digit of 25736656?
5
What is the thousands digit of 3249913?
9
What is the hundreds digit of 5394117?
1
What is the hundred thousands digit of 6253317?
2
What is the hundreds digit of 372708?
7
What is the units digit of 217821?
1
What is the hundred thousands digit of 33417478?
4
What is the hundreds digit of 39506?
5
What is the tens digit of 6843771?
7
What is the hundreds digit of 20573283?
2
What is the hundreds digit of 10739690?
6
What is the hundred thousands digit of 1117041?
1
What is the tens digit of 53323?
2
What is the hundred thousands digit of 31336629?
3
What is the millions digit of 2908386?
2
What is the ten thousands digit of 348977?
4
What is the hundred thousands digit of 3962065?
9
What is the hundreds digit of 7626911?
9
What is the hundred thousands digit of 355427?
3
What is the units digit of 20802444?
4
What is the units digit of 1893893?
3
What is the tens digit of 4019786?
8
What is the thousands digit of 971828?
1
What is the millions digit of 5516224?
5
What is the thousands digit of 282603?
2
What is the ten thousands digit of 3088054?
8
What is the hundreds digit of 1219462?
4
What is the tens digit of 19905598?
9
What is the hundreds digit of 680630?
6
What is the ten thousands digit of 50791?
5
What is the tens digit of 546276?
7
What is the hundreds digit of 84837?
8
What is the thousands digit of 651394?
1
What is the thousands digit of 14785772?
5
What is the thousands digit of 35215?
5
What is the units digit of 33846?
6
What is the ten thousands digit of 14626802?
2
What is the ten thousands digit of 20634498?
3
What is the ten thousands digit of 345819?
4
What is the units digit of 322987?
7
What is the thousands digit of 2881131?
1
What is the hundred thousands digit of 548501?
5
What is the thousands digit of 142813?
2
What is the units digit of 435178?
8
What is the hundred thousands digit of 172040?
1
What is the hundred thousands digit of 3099981?
0
What is the ten thousands digit of 10159345?
5
What is the units digit of 181340?
0
What is the hundreds digit of 319268?
2
What is the ten thousands digit of 14915926?
1
What is the hundreds digit of 21189279?
2
What is the units digit of 13204135?
5
What is the ten thousands digit of 2506261?
0
What is the units digit of 458442?
2
What is the ten thousands digit of 263166?
6
What is the ten thousands digit of 3069366?
6
What is the tens digit of 1537858?
5
What is the hundreds digit of 868520?
5
What is the hundreds digit of 19345570?
5
What is the thousands digit of 804826?
4
What is the thousands digit of 9961225?
1
What is the tens digit of 269434?
3
What is the thousands digit of 22263547?
3
What is the hundreds digit of 795047?
0
What is the thousands digit of 192746?
2
What is the thousands digit of 469799?
9
What is the millions digit of 1862518?
1
What is the hundred thousands digit of 615796?
6
What is the units digit of 133433?
3
What is the ten thousands digit of 342317?
4
What is the hundred thousands digit of 1640100?
6
What is the hundreds digit of 7412275?
2
What is the units digit of 1533736?
6
What is the thousands digit of 278523?
8
What is the ten thousands digit of 363592?
6
What is the units digit of 20033572?
2
What is the hundred thousands digit of 2095450?
0
What is the tens digit of 97698?
9
What is the tens digit of 2561692?
9
What is the millions digit of 1666245?
1
What is the units digit of 1638439?
9
What is the tens digit of 450977?
7
What is the units digit of 2826595?
5
What is the units digit of 32524346?
6
What is the thousands digit of 165878?
5
What is the tens digit of 237971?
7
What is the thousands digit of 320796?
0
What is the thousands digit of 239259?
9
What is the thousands digit of 7403226?
3
What is the hundreds digit of 414998?
9
What is the tens digit of 19752117?
1
What is the hundred thousands digit of 9481768?
4
What is the hundreds digit of 20052?
0
What is the tens digit of 160678?
7
What is the ten thousands digit of 257828?
5
What is the tens digit of 7629252?
5
What is the hundred thousands digit of 432305?
4
What is the units digit of 32882985?
5
What is the units digit of 832131?
1
What is the hundreds digit of 212220?
2
What is the thousands digit of 2844641?
4
What is the thousands digit of 207537?
7
What is the hundreds digit of 217748?
7
What is the units digit of 189610?
0
What is the ten thousands digit of 724163?
2
What is the hundred thousands digit of 11798195?
7
What is the units digit of 352000?
0
What is the tens digit of 373964?
6
What is the hundred thousands digit of 10632276?
6
What is the tens digit of 384923?
2
What is the tens digit of 836532?
3
What is the tens digit of 3908568?
6
What is the thousands digit of 292167?
2
What is the ten thousands digit of 936033?
3
What is the tens digit of 288659?
5
What is the units digit of 249466?
6
What is the units digit of 5385514?
4
What is the tens digit of 207061?
6
What is the tens digit of 1970586?
8
What is the units digit of 523199?
9
What is the tens digit of 295654?
5
What is the thousands digit of 778760?
8
What is the hundred thousands digit of 118000?
1
What is the millions digit of 28748685?
8
What is the hundreds digit of 2876697?
6
What is the hundreds digit of 525982?
9
What is the ten thousands digit of 88019?
8
What is the units digit of 23714419?
9
What is the millions digit of 1129186?
1
What is the hundred thousands digit of 2013698?
0
What is the units digit of 4549958?
8
What is the units digit of 1076639?
9
What is the thousands digit of 211397?
1
What is the units digit of 60362?
2
What is the millions digit of 11004521?
1
What is the thousands digit of 4081613?
1
What is the hundreds digit of 68026?
0
What is the tens digit of 164085?
8
What is the thousands digit of 643102?
3
What is the hundreds digit of 279485?
4
What is the hundred thousands digit of 16185457?
1
What is the hundreds digit of 174853?
8
What is the hundred thousands digit of 633914?
6
What is the units digit of 1349585?
5
What is the hundreds digit of 73315?
3
What is the thousands digit of 120930?
0
What is the units digit of 2235303?
3
What is the ten thousands digit of 15178617?
7
What is the hundreds digit of 1613841?
8
What is the hundreds digit of 521649?
6
What is the ten thousands digit of 4631590?
3
What is the millions digit of 2684259?
2
What is the tens digit of 112669?
6
What is the thousands digit of 6453768?
3
What is the tens digit of 14793220?
2
What is the thousands digit of 3158633?
8
What is the hundreds digit of 15522687?
6
What is the thousands digit of 794207?
4
What is the millions digit of 11902146?
1
What is the hundreds digit of 44191?
1
What is the tens digit of 150110?
1
What is the thousands digit of 1206624?
6
What is the thousands digit of 15120415?
0
What is the hundreds digit of 5979471?
4
What is the units digit of 26360?
0
What is the units digit of 827069?
9
What is the tens digit of 2114492?
9
What is the thousands digit of 167318?
7
What is the hundred thousands digit of 3107704?
1
What is the ten thousands digit of 503454?
0
What is the units digit of 917676?
6
What is the tens digit of 540566?
6
What is the hundreds digit of 3731751?
7
What is the hundred thousands digit of 575373?
5
What is the tens digit of 3682578?
7
What is the hundred thousands digit of 4022460?
0
What is the ten thousands digit of 2412520?
1
What is the units digit of 